*2 - 5*s. Let r be f(8). What is the units digit of v + 0 + r/(-2)?
3
Let r(o) = o**3 + 23*o**2 - 20*o + 80. Let g be r(-24). Let n(j) = -29*j + 251. What is the hundreds digit of n(g)?
7
Suppose 0 = 2*h - 4*b - 85124, -70*h + 74*h + 5*b = 170248. What is the units digit of h?
2
Let y = -453 - -646. Suppose 203*x - y*x = 8500. What is the hundreds digit of x?
8
Let o(a) = 684*a**2 + 2*a + 4. Suppose -8*k + 383 - 391 = 0. What is the hundreds digit of o(k)?
6
Let x(y) = 7*y**3 - 357*y**2 + 70*y - 107. What is the thousands digit of x(51)?
3
Suppose 0 = -3*t - 22 + 28. Suppose 255 = t*p - 155. What is the hundreds digit of p?
2
What is the hundreds digit of 20 - 12 - (-3)/((-3)/(-122))?
1
Let n(a) = 394*a + 3122. What is the thousands digit of n(0)?
3
What is the tens digit of 4258 + -12*((-117)/(-18))/(-13)?
6
Let p = -693 - -1285. Let g = -417 + p. What is the hundreds digit of g?
1
Let g(o) = 18*o + 1167. Let u be g(-65). Let p(a) = -11*a**2 - 7*a - 5. Let t(y) = -y + 1. Let h(c) = -p(c) + t(c). What is the units digit of h(u)?
7
Let y be (-2)/4*0*(-1)/(-3). Let x(m) = -36*m**2 + 7*m + y - 12 + 45*m**2 + m**3. What is the units digit of x(-7)?
7
What is the thousands digit of 6705/(-10)*((-26078)/51)/13?
6
Let c(g) = 2830*g - 274. What is the hundreds digit of c(2)?
3
Let c(n) = 2*n - 31. Let o be c(9). Let k(g) = 3*g + 94. What is the tens digit of k(o)?
5
Let d(m) = -5*m + 19. Let q be d(3). Suppose 8*i - q*i = -4. What is the units digit of 82 + (7 - i - 4)?
6
Let g = 11657 - 6797. Suppose -g = 21*j - 26*j. What is the tens digit of j?
7
Let j(i) = 3*i**2 + 12*i + 8. Let v be j(-4). What is the hundreds digit of -1821*(-16)/84 - v/(-56)?
3
Let o = 65 - 38. Let g = 52 + o. Suppose -3*h + g + 26 = 0. What is the units digit of h?
5
Let d(k) = -k**3 + 15*k**2 - 12*k - 8. Let l be d(9). Suppose 0 = -61*z + 56*z + 530. Suppose t - z = -4*u, -u + 0*u - l = -3*t. What is the units digit of t?
2
Let d(q) = 95*q**2 + 7*q + 20. What is the hundreds digit of d(-7)?
6
Let x = 86 - 76. Let b be ((-25)/x)/(-5)*4*1. Suppose -5*j - 3*m - 2*m + 905 = 0, -523 = -3*j + b*m. What is the units digit of j?
7
Let g be 1249*(2 + 3 + -4). Let p = -874 + g. What is the hundreds digit of p?
3
Let l(g) = g**3 - 2*g**2 - g. Let u be l(2). Let q be (5 + u)/3 - (-28 - -1). Suppose -q*f = -25*f - 75. What is the units digit of f?
5
What is the hundreds digit of ((-4093670)/(-147) - 4) + -4*8/336?
8
Suppose 0 = -15*l - 62 + 167. Let z be 14*-10*(-30)/l. Suppose -4*v + 3*c = -z, -c + 3*c = 8. What is the units digit of v?
3
Suppose 28*q = 6*q + 32956. Let x = q - 697. What is the tens digit of x?
0
Let u(d) = 2134*d**2 + 41*d - 8. What is the units digit of u(-2)?
6
Suppose 27*f - 2691 = 18*f. Let l = f + 96. What is the hundreds digit of l?
3
Suppose 8*w - 7 - 9 = 0. Suppose h = w*d - 389, 2*d - 96 = -2*h + 302. What is the units digit of d/(3 + (-1)/1)?
8
Let z(t) = 140*t**3 - 20*t**2 + 52*t - 4. What is the tens digit of z(4)?
4
Let i(k) = 4*k**2 + 5*k + 44. Let x be i(17). Suppose -2*w = 3*w - x. What is the tens digit of w?
5
Let d(p) be the first derivative of 296*p**2 - 9*p - 64. What is the units digit of d(2)?
5
Let n = 27971 - 18506. What is the tens digit of n?
6
Let f(t) = 78*t + 8. Let a(k) = 545*k + 55. Let n(v) = 3*a(v) - 20*f(v). Let g be n(5). Suppose -13*u + g = -8*u. What is the tens digit of u?
7
Let p = 53 - -49. Let g(r) = -107 - 11*r + 33*r + p. What is the tens digit of g(8)?
7
Let c = 10815 + 7691. What is the tens digit of c?
0
Suppose -20*s = -k - 15*s + 2387, 2*k = -2*s + 4702. What is the tens digit of k?
5
Let r be (105/10)/(9/6). What is the tens digit of -97*1*(5 - (r + -1))?
9
Suppose 177*t - 179*t = 50. Let y = 19 - t. What is the units digit of y?
4
Suppose 1838 + 8257 = 5*u. What is the units digit of u?
9
Let j be 4/((-8)/(-6)) - (-2)/1. Let h be -1 + (j/((-5)/(-6)) - -2). Suppose h*m - 44 - 635 = 0. What is the units digit of m?
7
Suppose 0 = -8*l + 11*l, 2*y + 3357 = 3*y - 2*l. What is the tens digit of y?
5
Suppose -h - 1 = 24. Let n(x) = x**3 + 26*x**2 + 23*x + 7. Let b be n(h). Suppose -3*f = 2*q - 171, b = f - 0*q + 4*q. What is the units digit of f?
7
Let d be ((-30)/4)/(2 + 283/(-140)). Suppose d = 10*m - 15*m. What is the tens digit of m/25 + (-2)/10 - -103?
0
Let r(i) = -429*i + 1715. What is the units digit of r(-30)?
5
Suppose -6*p + 3*o = -7*p + 19722, 0 = 2*p + 8*o - 39448. What is the thousands digit of p?
9
Suppose -g + 901 - 866 = 0. Suppose 11469 = g*u - 3616. What is the units digit of u?
1
Let x(n) = -n**2 - 16*n - 19. Let k be x(-14). Suppose k*u - 3 = 8*u. Suppose 0 = -2*l + 4*b + 198 - 22, -u*l + b + 259 = 0. What is the tens digit of l?
8
Suppose 0 = -t + 4*w + 14344, 8*t - 2*w - 28658 = 6*t. What is the units digit of t?
4
Let h(r) = -18*r + 10. Suppose 5*t + 35 + 70 = 0. Let g be (-18)/4*(-14)/t. What is the tens digit of h(g)?
6
Let r = 893 - 215. Suppose -5*z + 333 = 2*k - k, 2*k = -4*z + r. What is the tens digit of k?
4
Let m(w) = 21*w - 142. Let l be m(7). Suppose b = -9*a + 8*a + 991, -l*b + 2*a + 4927 = 0. What is the hundreds digit of b?
9
Suppose -73031 = 60*t - 37*t - 229592. What is the tens digit of t?
0
Suppose 2*m - 4*m = 5*k + 392, 2*m + 3*k = -396. Let r = m + 272. What is the tens digit of r?
7
Suppose 4*b + 36 = n + n, -32 = -3*n - 5*b. Let k(d) = 0 + 7 + n + d + d**2 - 2. What is the units digit of k(0)?
9
Let b(x) = x**3 + 62*x**2 - 154*x + 42. What is the tens digit of b(-61)?
5
Suppose 4*j - 5*k + 10*k - 45 = 0, -k - 15 = -4*j. Suppose 16 - 1 = -j*q, 5*q - 2469 = -3*s. What is the hundreds digit of s?
8
Let y(h) be the second derivative of h**4/3 - 8*h**3 + 33*h**2/2 + 127*h. What is the hundreds digit of y(18)?
4
Let h(q) = 26*q - 184. Let o be h(7). Let l = o - -479. What is the hundreds digit of l?
4
Let m(c) = 24*c**3 + 52*c + 21. What is the thousands digit of m(7)?
8
Let b be (-3 + (-7052)/(-4))*1. Suppose 3*t - 1240 = b. What is the tens digit of t?
0
Suppose -6*g = -8*g. Suppose g = -4*f + 2*f + 90. Suppose -5*l - 2*z + 216 + f = 0, -2*l = -z - 108. What is the units digit of l?
3
What is the units digit of 9638 + 9 + -10 + -6?
1
Suppose 342 = 2*k + 16*k. Suppose 0 = 3*f + 4*w - 532, -k*f + 4*w = -23*f + 716. What is the units digit of f?
4
Let x = -57 - -106. Suppose -4 = 5*f - x. What is the units digit of (12/f)/(2/42)?
8
Suppose -22*a = -23*a - 5*w + 11524, 2*w = 8. What is the thousands digit of a?
1
Suppose -30 = -4*n - 4*t + 2, n + 5*t - 20 = 0. Suppose n*j - 2*k + 3*k - 4545 = 0, -2*j + 1826 = 2*k. What is the tens digit of j?
0
Suppose w = -5*k + 13528, 7*k - 12*w = -11*w + 18944. What is the tens digit of k?
0
Suppose 45*c + 27*c + 329821 = 3162013. What is the units digit of c?
6
Let b(c) = -3 + 0*c**2 + 2*c**3 + 4 - 6*c**3 + 88*c + 3*c**2 - 84*c. What is the tens digit of b(-2)?
3
Let b(k) = 6*k - 69. Let i be b(12). What is the units digit of ((-492)/(-4))/(i - 24/9)?
9
Let t = 48 - 52. Let a be (-447 - -1) + (-8)/t + 2. Let d = 624 + a. What is the hundreds digit of d?
1
Let n = 522 - 168. Suppose -q = q - n. Suppose 5*t = 2*t + q. What is the tens digit of t?
5
Let i(q) be the second derivative of -7*q**3/3 - 16*q**2 - 5*q. Let v be i(-8). Let f = 10 + v. What is the units digit of f?
0
Suppose -5*p + 308 = 2*p. Let i = -54 + p. What is the units digit of (76/i)/((-5)/50)?
6
Suppose -5*n - k - 307 = 69, -5*n - 384 = -k. Let m = n - -163. What is the units digit of m?
7
Let a = -101 - -106. Let m(z) = 127*z + 49. What is the units digit of m(a)?
4
Let g = -314 + 321. Suppose 8402 - 3103 = g*t. What is the units digit of t?
7
Suppose 3*i - 359 - 3206 = -p, 0 = -4*p - 3*i + 14278. What is the tens digit of p?
7
Suppose -h = -16*h + 151800. Suppose -3*w + 8*w - 10095 = -2*l, -5*w = -3*l - h. What is the hundreds digit of w?
0
Let j(l) = 14*l**2 + 96*l - 242. What is the ten thousands digit of j(-49)?
2
Let j(p) be the first derivative of 68*p**2 + 8*p + 2. Suppose -56 + 34 = -3*d + 4*g, 2*g + 18 = 5*d. What is the hundreds digit of j(d)?
2
Let g(s) = -13*s + 22*s + 94 - 5*s - 5*s. What is the units digit of g(30)?
4
Let a(p) = -p**3 + 8*p**2 + 8*p - 79. Let g be a(7). What is the hundreds digit of 360*(224/104 - 4/g)?
7
Let m(g) = -g - 5. Let q(z) = -5*z + 10. Let s